5*v - 73*v**2 - v**3 + 590*v - 3. What is d(5)?
-153
Suppose -3*c - 3*x = -87, 2*x = c - 2*x - 54. Let f = 31 - c. Let k(p) = -4 - 2*p - p**3 - 10*p - 3*p**2 + 8*p. Give k(f).
8
Let a(z) = z**3 - 6*z**2 - z + 7. Suppose 4*q - b - 22 = 0, -64*q = -65*q + b + 4. What is a(q)?
1
Let n(v) = v**3 + 3*v**2 - 5*v - 5. Let l = -806 + 811. Suppose 3*m - 5*g + 7 = -25, 0 = -l*m - 3*g - 8. Determine n(m).
-1
Let j(b) = -b**2 - 22*b + 540. Let u be j(15). Let c(h) = h + 41. Calculate c(u).
26
Let t(y) = y**2 + 2*y. Let z be -4*2/(-32) - (-60)/(-48). Let g(n) = -n**3 + 3*n**2 + 5*n + 1. Let p(k) = z*g(k) + 3*t(k). Calculate p(1).
1
Let u(i) be the third derivative of -i**4/24 + 13*i**3/6 - 8*i**2. Suppose 49 = 4*g - 3*o, -127*g + 122*g + 4*o + 61 = 0. Give u(g).
0
Let o(b) = b**3 - 8*b**2 + 8*b - 1. Let i be o(7). Suppose i = 5*f + 11. Let q(t) be the second derivative of -3*t**3/2 - t**2/2 - t + 81. Determine q(f).
8
Let s be (-67)/(-6 + -4*(-161)/112). Let j(c) = 133*c - s*c - 1 + 129*c - c**2 - 10. Give j(-5).
-6
Let x(f) = f**2 + 14*f - 14. Let r(d) = 6*d**2 - 229*d - 210. Let v be r(39). Calculate x(v).
1
Let c(y) be the first derivative of y**3 + y**2 - 2*y - 4. Let o be (((-2)/(-2))/(-2))/(2/12). Let d(h) = -2*h - 8. Let w be d(o). Give c(w).
6
Suppose -5*s - 4*h - 8 = 0, -h - 4 = -2. Let a(i) = -18 + 2*i**2 + 4 - i - 2*i**3 - i**2 + s*i + i**3. Calculate a(0).
-14
Let f be (2/(-3))/(0 + (-2)/27). Suppose -39 = -2*g - f. Let m = -20 + g. Let i(j) = -j - 4. Calculate i(m).
1
Let g be ((-8)/4)/((-2)/(-3)). Let n(o) be the third derivative of 0 - 1/120*o**6 - 2/3*o**3 + 32*o**2 + 0*o - 1/30*o**5 + 1/12*o**4. Determine n(g).
-1
Suppose f + 2*w = 7*w + 11, -21*f + 945 = -3*w. Let u(l) = -8*l + 369. Give u(f).
1
Suppose -6*g + 74 - 464 = 0. Let c be (-6)/7*(g/10 + 3). Let m(q) = -9*q + 5. Calculate m(c).
-22
Let q(z) = -2 + 0*z**2 - 1 + 13*z - 23*z + 7*z - 2*z**2. What is q(-2)?
-5
Let q be (-40)/(-6)*(-342)/(-285). Let f(s) = -5*s - 16 + q*s + 19. Calculate f(4).
15
Let q(f) be the third derivative of -59*f**4/24 + 2*f**3/3 + 749*f**2. What is q(2)?
-114
Let m(s) = -3*s**2 + 24*s - 4. Let u(j) = 8*j**2 - 65*j + 11. Let b(v) = -11*m(v) - 4*u(v). What is b(3)?
-3
Let c(x) = -8*x - 33. Let j be c(-8). Let p(i) = -9 - j*i + 36*i + 9 + 1 + i**2. Calculate p(-4).
-3
Let y(r) be the third derivative of -r**8/10080 + r**7/1680 - r**6/360 - 7*r**5/10 - 3*r**2 - 3*r. Let h(m) be the third derivative of y(m). Determine h(3).
-11
Let i(c) = -3*c**2 - 2*c + 4. Suppose 4*h - 10*h = 564. Let t = 91 + h. Give i(t).
-17
Suppose -6*p = 3*d - 2*p - 32, 0 = -d - 2*p + 12. Let v(h) = -1. Let t(m) = -2*m - 10. Let s(q) = d*v(q) - t(q). Give s(1).
4
Let a(q) = -10 - 6*q + 7 + 8 + 3 - q**2 - 3. Calculate a(-10).
-35
Let q(f) = 2*f**3 - f**2 + f - 1. Let h(o) = -o**2 - 6*o + 8. Suppose -55*l + 52*l + 93 = 0. Let u = -38 + l. Let t be h(u). Give q(t).
1
Let v(s) be the first derivative of -2*s**3/3 + 5*s**2 - 10*s + 1180. Calculate v(5).
-10
Let x(i) = -i**2 - 14*i - 28. Let c be x(-11). Let u be 14/(-35) + 27/c. Suppose -17 = 5*h - z, 4*z = u + 3. Let t(g) = g**3 + 2*g**2 - g + 1. Calculate t(h).
-5
Let t(p) be the third derivative of 7*p**5/60 + p**3/6 + 20*p**2 + 43*p - 1. Let l(s) = -s - 6. Let x be l(-5). What is t(x)?
8
Suppose -6 = -0*a - 3*a. Suppose d - 12*b + 17*b - 18 = 0, 2*d - 15 = -3*b. Let z(q) = 11 - 445*q**3 + 444*q**3 + 10*q - 4*q**a - d*q**2. Calculate z(-8).
-5
Let f(w) = 3*w**3 - 160*w**2 + 23 - 8*w + 314*w**2 - 2*w**3 - 148*w**2 - 27. Suppose -10 = -5*l - 45. Determine f(l).
3
Let v(n) = -3*n**2 + n + 1. Let a(k) = 3*k**2 + k - 18. Let o(p) = -p**2 - p - 8. Let d(s) = a(s) - 2*o(s). Let g(c) = -d(c) - 2*v(c). Calculate g(4).
-4
Let r(c) = -12*c**2 - 370*c + 67. Let x be r(-31). Let t(v) = -18*v + 39. Give t(x).
-51
Let j(t) = t**3 - 12*t**2 - 47*t + 22. Let c be j(15). Let w(i) = i + 7. What is w(c)?
-1
Let o(d) = -d**3 - d**2 + 1. Suppose 0 = -5*l + 2*q, 14*q = 4*l + 15*q - 13. Calculate o(l).
-11
Let u(v) = -3*v**2 + 7*v - 4. Let b(w) = -3*w**2 + 8*w - 5. Let q(g) = 5*b(g) - 6*u(g). Let c(d) = -4*d**3 - 101*d**2 - 31*d - 148. Let h be c(-25). Give q(h).
7
Let n(u) = u**2 + 5*u - 1. Let c be n(-5). Let g(o) = 7*o**3 - 29*o**2 + 4*o. Let d(m) = 7*m**3 - 39*m**2 + 5*m. Let p(f) = -3*d(f) + 4*g(f). Calculate p(c).
-7
Let i(u) = u + 2. Suppose 98*h - 4*r = 96*h - 70, 75 = -2*h - r. Let y(q) = q**3 + 7*q**2 + 2*q + 8. Let m be y(-6). Let z = m + h. Determine i(z).
-3
Let i(q) be the third derivative of -q**4/8 + 37*q**3/2 + 5*q**2 + 63*q. What is i(39)?
-6
Let o(n) = n**2. Let w(m) = m**3 + 3*m**2 + 2*m - 2. Let h be 0 + 9 + 0 + 5. Let i = h + -16. Let s be w(i). Determine o(s).
4
Let b = -10286 - -10297. Let u(m) = 3*m - 3. Give u(b).
30
Let b(m) = -m**3 + 3*m**2 + 4*m. Suppose 38 = -422*j + 435*j - 1. Give b(j).
12
Let u(w) = 5*w + 6. Suppose 0 = -h + 4*h - 21. Suppose -h*y + 31 + 11 = 0. Give u(y).
36
Let h(p) be the first derivative of p**4/2 - 4*p**3/3 - 3*p**2/2 + 2271. Give h(-2).
-26
Let z(l) = l**3 + 10*l**2 + 7*l - 11. Suppose 31*a - 27*a = 0. Suppose a = -6*y - 23 - 31. What is z(y)?
7
Let m(r) = 300 - 3*r**2 - 274 + 7*r - 20. Let a be (7/(21/(-18)))/(-1). Determine m(a).
-60
Suppose -4*y - 1 = m, y - 2*m = 2 - 0. Let z = 5 - y. Let k(x) = 4 - 3 + 0 - z*x**3 + 13*x**3. Determine k(1).
9
Let t be (-1096)/(-3562) + 160/(-13). Let r(c) = c**3 + 13*c**2 + 14*c + 18. Give r(t).
-6
Let j(q) be the third derivative of -q**5/60 + q**4/4 - q**3/3 + 14*q**2 + 58. Calculate j(-4).
-42
Let r(a) be the third derivative of -a**5/120 - a**4/12 - 19*a**3/2 - 81*a**2. Let d(z) be the first derivative of r(z). Calculate d(0).
-2
Let a(l) be the third derivative of l**6/120 - 7*l**5/60 + 5*l**4/24 + 2*l**3/3 - 111*l**2 + 3. Give a(6).
-2
Let l(p) = 2385 + 2*p + 2397 - 4766. Suppose 17*d = -3*d - 240. What is l(d)?
-8
Let s(g) be the second derivative of g**4/12 + 3*g**3/2 - 7*g**2/2 + g. Let l be -4*6 + (-55)/(-5 - 6). Let j be l + (-3 - -8) + 6. Determine s(j).
-15
Suppose 5*k - 381*g + 46 = -380*g, g = 2*k + 16. Let s(b) = -b**3 - 10*b**2 + 24. Determine s(k).
24
Let m(f) be the third derivative of -54*f**2 - 1/120*f**6 - 5/12*f**4 + f**3 + 0*f + 2/15*f**5 + 0. What is m(7)?
-15
Let j(v) = 207*v**2 + 64*v + 11. Let d(h) = 289*h**2 + 97*h + 17. Let t(b) = -5*d(b) + 7*j(b). Determine t(10).
22
Let h = 3967 + -3961. Let i(n) be the second derivative of 0 + h*n - 1/12*n**4 - 3/2*n**2 - 7/6*n**3. Determine i(-5).
7
Let r be (-20790)/396*(-4)/10. Let q(n) be the first derivative of 1/2*n**2 + r - 2*n. Give q(8).
6
Let q be 52/104*(3 + (-6 - -5)). Let r(i) = -40*i + 51. What is r(q)?
11
Suppose 2*c = -43*p + 266, 72*c - 73*c + p - 2 = 0. Let q(s) = 0*s**3 + 5*s + 2*s**3 - 5*s**2 - 1 - s**3. Give q(c).
3
Let r be (1 + -2)/((-2)/10). Let g(i) = -3 + 8 + 958*i - 2*i**2 - 955*i - 1 + 3. Calculate g(r).
-28
Let r(t) be the third derivative of -t**5/30 - t**4/4 + 4*t**3/3 - 691*t**2. Calculate r(3).
-28
Let x(g) = -2*g**2 + g + 1. Let c(d) be the second derivative of -d**4/12 + d**3/2 + 7*d**2/2 - 9*d. Let z(m) = c(m) - 6*x(m). Determine z(2).
39
Let c(f) = -f**2 + 13*f - 4. Let h(a) = -a**2 + 14*a - 3. Suppose -6*p + 2*p - 10 = -2*n, 4*n - 3*p = 20. Let t(d) = n*h(d) - 6*c(d). Calculate t(6).
-3
Let t(u) = 3265 + 22*u - 333*u**3 + 14*u**2 + 334*u**3 - 3279. What is t(-12)?
10
Let v(l) be the first derivative of 2*l**3/3 - 25*l**2/2 + 41*l + 60. Let f be v(10). Let m(z) = z**2 + 7*z - 5. Calculate m(f).
13
Let n(b) = -2*b + 3*b + 8 - 7*b**2 - b**3 - 5*b. Suppose -369*k + 2826 = -840*k. Give n(k).
-4
Let l(q) = 4*q**2 - 20*q + 14. Let f(n) = -3*n**2 + 13*n - 9. Let v(a) = 8*f(a) + 5*l(a). Let j be ((-20)/(320/72))/((-6)/4). Determine v(j).
-26
Let f = 23 - 32. Let p(d) = d**2 + 10*d + 5. Let h be p(f). Let m(r) = 2*r - r + 4*r - 6*r. Give m(h).
4
Let o(q) = 8*q**3 - 19*q**2 - 6*q - 2. Let s(y) = -8*y**3 + 16*y**2 + 5*y + 2. Let u(c) = -6*o(c) - 7*s(c). Calculate u(1).
9
Let c(y) be the second derivative of 11*y**3/6 + 3*y**2/2 - 2*y - 452. What is c(-6)?
-63
Let y(b) = -14*b**3 - 18*b**2 - 3*b + 558. Let z(h) = 5*h**3 + 6*h**2 + h - 197. Let q(g) = 6*y(g) + 17*z(g). Give q(5).
-31
Let u be -1*-2*21/(-6) - -11. Let k(s) be the first derivative of 4*s**3/3 - 2*s**2 + s + 6. Give